4867.
81
What is the highest common divisor of 315168 and 3724?
196
Calculate the greatest common divisor of 457639 and 793191.
749
What is the highest common factor of 1175803145 and 55?
55
Calculate the greatest common factor of 13539408 and 432.
48
Calculate the highest common divisor of 1241959 and 455511.
199
What is the greatest common factor of 172200 and 21430700?
4100
What is the greatest common divisor of 27859561 and 8868?
739
What is the highest common divisor of 66553881 and 54119?
4163
What is the greatest common factor of 21627450 and 13650?
1950
What is the greatest common factor of 27243 and 62343?
27
Calculate the greatest common factor of 1158000 and 5712.
48
What is the highest common divisor of 3744353 and 14?
1
What is the highest common factor of 28182 and 196350?
462
What is the highest common divisor of 1898751 and 205?
41
Calculate the greatest common factor of 11028 and 1758.
6
Calculate the greatest common factor of 21647838 and 18.
6
What is the highest common divisor of 474579 and 124341?
651
Calculate the greatest common divisor of 2770551 and 148944.
321
What is the highest common divisor of 1584353 and 40565?
1159
Calculate the highest common divisor of 58800 and 7873200.
1200
What is the greatest common factor of 824982 and 94218?
2298
What is the highest common factor of 1876 and 487004?
28
What is the greatest common factor of 256 and 12105344?
128
Calculate the greatest common factor of 11263 and 69587.
7
What is the greatest common factor of 1380748788 and 9?
9
What is the highest common divisor of 10563219 and 279?
279
What is the greatest common divisor of 110 and 148054720?
110
Calculate the highest common divisor of 1148901 and 350529.
993
Calculate the greatest common factor of 4406448 and 78.
6
Calculate the highest common factor of 136959368 and 419.
419
Calculate the greatest common divisor of 5754 and 8504686.
274
What is the highest common factor of 7021233 and 345?
69
What is the highest common factor of 707296850 and 135850?
12350
What is the highest common divisor of 104052 and 475368?
348
Calculate the greatest common divisor of 1362083 and 368.
23
Calculate the greatest common factor of 1635 and 7226155.
545
Calculate the highest common divisor of 874 and 77241612.
38
Calculate the greatest common divisor of 814582570 and 2495.
2495
What is the greatest common divisor of 1942446 and 6270?
1254
Calculate the highest common divisor of 13392 and 2058338.
62
What is the greatest common factor of 132 and 41580264?
132
Calculate the highest common factor of 7980 and 8456350.
70
What is the greatest common divisor of 1368 and 632457?
9
Calculate the greatest common factor of 6304 and 6507304.
1576
What is the greatest common factor of 125257 and 324500?
649
Calculate the highest common divisor of 20930224 and 448.
112
What is the greatest common factor of 316 and 1056204562?
158
Calculate the highest common divisor of 11446608 and 48.
48
What is the highest common factor of 93849 and 1435?
287
What is the greatest common factor of 160776 and 196272?
2088
What is the highest common factor of 1485 and 52791?
3
What is the highest common factor of 8464 and 486344?
8
What is the highest common factor of 76371897 and 21?
21
What is the greatest common factor of 285 and 296985333?
57
Calculate the highest common divisor of 50142465 and 30.
15
What is the greatest common factor of 560 and 15858430?
70
Calculate the greatest common divisor of 247237 and 170461.
457
Calculate the highest common factor of 710905286 and 78.
26
Calculate the greatest common divisor of 50813910 and 630.
630
What is the greatest common factor of 1571854 and 918?
34
Calculate the highest common factor of 60003768 and 52104.
4008
Calculate the highest common factor of 20 and 4525485.
5
What is the highest common factor of 114150 and 11850?
150
What is the greatest common factor of 49320 and 295372?
548
Calculate the greatest common divisor of 12 and 304137192.
12
What is the highest common divisor of 626 and 5211763?
313
Calculate the highest common factor of 9797 and 14226311.
97
What is the highest common divisor of 107478 and 63345486?
5118
What is the greatest common factor of 82164 and 31739352?
2004
Calculate the highest common divisor of 23690 and 517730.
230
Calculate the greatest common divisor of 1292 and 57180044.
1292
Calculate the highest common divisor of 1338 and 1588875.
669
What is the greatest common divisor of 446 and 97291778?
446
Calculate the highest common factor of 376416 and 11604.
12
Calculate the highest common divisor of 5138466 and 129.
3
Calculate the greatest common divisor of 28269 and 18.
9
What is the highest common divisor of 7890625 and 20?
5
What is the highest common factor of 12904287 and 26334?
627
What is the greatest common divisor of 63975249 and 43419?
1059
Calculate the highest common factor of 84 and 55493760.
84
Calculate the highest common factor of 3426863 and 33.
11
Calculate the highest common divisor of 28 and 6332389.
7
Calculate the greatest common factor of 10296 and 61828.
52
Calculate the greatest common factor of 301 and 88554028.
43
Calculate the greatest common factor of 25 and 1647445.
5
Calculate the highest common factor of 76 and 1749463.
19
Calculate the greatest common divisor of 3898085516 and 11752.
5876
What is the greatest common divisor of 832770 and 439470?
1710
Calculate the greatest common divisor of 24129 and 16828.
7
Calculate the greatest common factor of 108125335 and 15.
5
What is the highest common factor of 2352914 and 846?
94
What is the greatest common divisor of 210662424 and 114?
114
What is the highest common factor of 5800 and 8840650?
1450
What is the greatest common divisor of 1622 and 50812?
2
What is the highest common divisor of 96307132 and 3356?
3356
Calculate the greatest common factor of 3330 and 18777540.
30
Calculate the greatest common factor of 4 and 2713190.
2
Calculate the highest common divisor of 49 and 40561619.
7
Calculate the greatest common factor of 1649424 and 45.
3
What is the highest common factor of 836935530 and 3340?
1670
Calculate the greatest common divisor of 60 and 43282896.
12
Calculate the highest common factor of 4 and 23835036.
4
Calculate the greatest common divisor of 16669 and 42644788.
211
What is the highest common factor of 354204 and 10242?
18
What is the highest common divisor of 482794106 and 164?
82
What is the highest common factor of 70520270 and 38600?
1930
What is the greatest common divisor of 540372 and 74676?
588
Calculate the greatest common factor of 1740 and 64230.
30
What is the greatest common factor of 1495518 and 906?
6
Calculate the greatest common divisor of 9746 and 3044.
2
What is the greatest common divisor of 46087109 and 1011?
337
Calculate the highest common factor of 174873111 and 98.
49
Calculate the greatest common divisor of 7293 and 237237.
429
Calculate the greatest common factor of 922 and 88934737.
461
Calculate the highest common factor of 738475 and 20165.
545
Calculate the greatest common factor of 720300 and 5.
5
What is the highest common factor of 923308 and 12?
4
What is the greatest common factor of 270296 and 31928?
104
Calculate the greatest common divisor of 1375 and 945625.
125
What is the highest common factor of 7868 and 1551401?
281
Calculate the highest common divisor of 4499911 and 169.
13
Calculate the highest common factor of 813347 and 9083.
31
What is the greatest common factor of 8568970 and 230?
10
Calculate the highest common factor of 103 and 107246690.
103
Calculate the highest common factor of 25291672 and 616.
56
What is the highest common divisor of 7044936 and 4896?
408
What is the greatest common factor of 2455360 and 640?
320
Calculate the greatest common divisor of 309 and 2715927999.
309
What is the highest common divisor of 140 and 257212130?
70
What is the greatest common factor of 750 and 71736250?
250
Calculate the highest common factor of 84766896 and 544.
272
Calculate the greatest common divisor of 4574726 and 7010.
1402
Calculate the greatest common factor of 58788 and 726708.
276
Calculate the greatest common divisor of 2227 and 878486.
131
What is the greatest common divisor of 2241160 and 22360?
1720
What is the greatest 